ulate the remainder when 136 is divided by h.
21
Let r(d) = 2*d + 25. Let i be r(-6). Suppose 286 = i*v + 78. What is the remainder when 75 is divided by v?
11
Suppose 0*c + 423 = -4*c + k, 4*k = -5*c - 534. Let j = -75 - c. Suppose 11 = d - 0*d. What is the remainder when j is divided by d?
9
Let z = 191 - 131. Suppose d = -d + z. Suppose 132 = k + 45. Calculate the remainder when k is divided by d.
27
Suppose 2*v - 41 = 25. Calculate the remainder when v is divided by 15.
3
Suppose l - 1734 = -l - 5*p, 2*p + 3516 = 4*l. Let h = l - 613. What is the remainder when h is divided by 53?
52
Let r(m) = m**3 - m**2 - 19*m - 10. Let k(w) = -w + 14. Let p be k(6). Suppose -2*g + p = -g. Calculate the remainder when r(-3) is divided by g.
3
Let q(u) = u**2 + 5*u + 17. Let d = -8 + 14. Calculate the remainder when q(0) is divided by d.
5
Let j(u) = -8*u**2 + u + 1. Let k(c) = -c**2. Let g(z) = j(z) - 3*k(z). Let o be g(2). Calculate the remainder when 57 is divided by 3*(-6)/9 - o.
12
Let t = -179 + -29. Calculate the remainder when t/(-12) + 4*(-1)/(-6) is divided by 5.
3
Suppose -3*a - 744 = -15*a. What is the remainder when a is divided by 11?
7
Let h = 86 - 14. Calculate the remainder when h is divided by 30.
12
Calculate the remainder when 4 is divided by 6/(180/70) + (-2)/6.
0
Let s = -148 - -156. Let d = -59 - -114. Calculate the remainder when d is divided by s.
7
Let r(s) = 1. Let t(o) = -5*o + 30. Let k(b) = 25*r(b) - t(b). Calculate the remainder when 19 is divided by k(3).
9
Let k = -299 - -316. Calculate the remainder when 48 is divided by k.
14
Suppose -d + 12 + 0 = 0. What is the remainder when 58 is divided by d?
10
Let u = 78 + -113. Let w = u + 45. What is the remainder when w is divided by 5?
0
Suppose -4 = -a - 0. Let q be 0/(12/3) + -8. Let k(i) = -3*i - 11. What is the remainder when k(q) is divided by a?
1
Suppose -290 - 242 = -19*p. What is the remainder when 218 is divided by p?
22
Calculate the remainder when 7 is divided by (8 + 10 + -11)*3/7.
1
Let f = -61 - -82. What is the remainder when 182 is divided by f?
14
Suppose 5*t - 97 = -2*x, 0 = 3*t - 5*x + 21 - 104. Let q = 42 - 24. What is the remainder when t is divided by (q/(-30))/(2/(-20))?
3
Let q be 0/(-2) + (-1 + 7 - 2). Suppose 11 = q*i - 3*p - 39, 0 = -4*i + 2*p + 52. Calculate the remainder when 24 is divided by i.
10
What is the remainder when 116 is divided by (84/(-98))/((-6)/56)?
4
Suppose -18 = -5*z - h + 279, -5*z + 2*h + 291 = 0. Suppose 3*x = 5*c - 13 + z, 5*x - 122 = -3*c. What is the remainder when 152 is divided by x?
20
Suppose 16*n + 2*v - 604 = 13*n, -2*v = -n + 196. Calculate the remainder when n is divided by 71.
58
Let g(u) = -u + 6. Let j(v) = v + 11. Let f be j(-14). Let w be g(f). Let x = 17 - w. Calculate the remainder when 14 is divided by x.
6
Suppose p - 1 = 3, -p = -m + 106. What is the remainder when m is divided by 38?
34
Let w = -199 + 202. What is the remainder when 16 is divided by w?
1
Suppose 5*b = 5*g - 310, -3*g + 2*b - 108 = -5*g. Suppose g = 10*w - 9*w. What is the remainder when w is divided by (-10)/(-1*2/4)?
18
Let o(y) = 5*y**3 + 4*y - 36. Calculate the remainder when o(7) is divided by 38.
35
Let p = -2 + 3. Calculate the remainder when 122 is divided by p - 30*(-1 + 0).
29
Let w be (-111)/6 - (-12)/(-8). Let a = w + 20. Suppose -7*g + 9*g - 8 = a. Calculate the remainder when 11 is divided by g.
3
Suppose -47*n + 2980 = -2660. What is the remainder when 719 is divided by n?
119
Suppose -10*i - 62 = -12*i. Let l = i + -20. Calculate the remainder when 42 is divided by l.
9
Suppose 3*b = 5*b - 90. Suppose -14*x + 10*x = -28. Let v(u) = u**2 - 5*u - 2. Calculate the remainder when b is divided by v(x).
9
Let h = -15 + 17. Suppose h*m - 22 = 48. Calculate the remainder when 4/(-1*((-104)/34 - -3)) is divided by m.
33
Let i(p) = 288*p**3 - p**2 - 1. Calculate the remainder when i(1) is divided by 36.
34
Let a = 22 - -7. What is the remainder when a is divided by -8 - 5*98/(-35)?
5
Let n = -12 + 4. Let y = n + 39. What is the remainder when y is divided by 4/(-6) + (-26)/(-3)?
7
Let f = -62 - -93. Let t(m) be the first derivative of m**3/3 + 2*m**2 + 6*m - 23. What is the remainder when f is divided by t(-5)?
9
Suppose 0 = -3*k + 4*m + 53, 3*m - 41 + 6 = -k. Let v = -17 + k. Calculate the remainder when 8 is divided by v.
2
Let v(d) = 2*d**2 + 43*d - 65. Let l = 3 + 14. Calculate the remainder when l is divided by v(-23).
1
Suppose 0 = -3*y + 3*m + 12, -2*y - y + 40 = 4*m. Calculate the remainder when 39 is divided by y.
7
Let t(u) = -u**2 + 8*u + 9. Let v = -237 + 271. What is the remainder when v is divided by t(8)?
7
Let q(b) = b**2 + 83*b + 873. What is the remainder when q(-72) is divided by (-1 - (-1 + 1)) + 22?
18
Suppose 5*f - 4*u + 35 = 0, 26 = -f - f + 4*u. Let p(b) = -11*b - 2. Let n be p(f). Suppose 3*z - n = 122. What is the remainder when z is divided by 13?
12
Suppose 9*n - 28 = 5*n. Suppose -n*o + 0*o = 0. Suppose o = 5*d - 168 + 53. Calculate the remainder when 67 is divided by d.
21
Suppose -5 = v - 2*v. Suppose -3*t + v*c - 3*c = 315, 3*t + 4*c = -315. What is the remainder when 16 is divided by 2/5*t/(-7)?
4
Let w be (1 + 5)*1 + -2. Suppose -y + 2 = -2*y + 5*r, -y - r = -w. Calculate the remainder when 3 is divided by y.
0
Let n(g) = -g - 3. Let y be n(-14). Suppose 3*d - y = 2*d. Calculate the remainder when d is divided by 4.
3
Let j = 1355 + -642. What is the remainder when j is divided by 34?
33
Suppose 456 = 2*x + 2*f + 146, -2*f - 306 = -2*x. What is the remainder when x is divided by 4?
2
Suppose 419*o = 417*o + 134. What is the remainder when o is divided by 6?
1
Let y(g) = -g**3 - 3*g**2 + 6*g - 2. Suppose -4*o = -20, 3*z - 5*o - 20 = -0*z. Suppose -r - 4 + z = 0. Calculate the remainder when y(-5) is divided by r.
7
Let p(x) = 4 + 0*x - x - x**2 + 61 - x**3. Let o(t) = 5*t**3 - 2*t**2 - t. Let a be o(0). What is the remainder when p(a) is divided by 17?
14
Let v = -109 + 182. Let l = v + -59. What is the remainder when ((-5)/4)/((-1)/20) is divided by l?
11
Suppose -f + 2*f - 76 = 0. Let v = f - 34. What is the remainder when v is divided by 321/21 + 2/(-7)?
12
Let c(p) = -7*p + 17. What is the remainder when 269 is divided by c(-4)?
44
Let u(o) = -o**3 + 16*o**2 + 7. What is the remainder when 12 is divided by u(16)?
5
Suppose 5 = 2*i - 1. Suppose 36 = h - i*b, 4*b - 52 = h - 3*h. Calculate the remainder when h is divided by 13.
4
Let g = -43 + 62. Suppose k - g = -5*b, -2*b + 12 - 2 = k. Suppose -2*s - x + 10 = -13, 4*s - b*x - 21 = 0. What is the remainder when 17 is divided by s?
8
Suppose 6*q = -4*y + 10*q + 48, 0 = y + 3*q - 36. Let s(h) = h**2 + 4*h + 8. What is the remainder when s(6) is divided by y?
14
Let h(y) = 4*y - 31. Let j be h(9). Let s = j + 25. What is the remainder when 115 is divided by s?
25
Suppose -12*k + 18 = -10*k. Let j be (-4 + 2)/((-2)/10). Suppose -4*b = 2*h - 69 - 23, -5*h - j = 0. What is the remainder when b is divided by k?
6
Let b = 31 - -38. What is the remainder when b is divided by 14?
13
What is the remainder when 3231 is divided by 4 + 146 + 2 - 5?
144
Let s = -24 - -27. Let c be (1/2)/(s/36). What is the remainder when 18 is divided by c/(-27) + 195/27?
4
Suppose -3*i + 5*m + 96 = 0, 6*m = 4*i + m - 128. Calculate the remainder when 369 is divided by i.
17
Let m = 147 - 105. Calculate the remainder when 246 is divided by m.
36
Let c(p) = -2*p + 20. Let u be c(-6). Let z(j) = -j**3 - 7*j**2 - 5*j. Let s be z(-5). Let r = u + s. What is the remainder when 19 is divided by r?
5
Let v = 40 + -27. Let a(j) = 3*j**2 + 2*j + 3. Let x be a(-6). Let w = -38 + x. What is the remainder when w is divided by v?
9
Suppose 5*l + 4*o = 197, 13 - 5 = -4*o. Suppose -g + 0*g = -l. Calculate the remainder when g is divided by 11.
8
What is the remainder when 36 is divided by (2/6)/((-11)/(-462)) - 4?
6
Let k(g) = 34*g**3 - 7*g**2 + 5*g + 8. What is the remainder when k(2) is divided by 36?
10
Let r(a) = a**3 - 12*a**2 - 7*a - 75. Suppose 5*u - 4*u = -3. What is the remainder when 6 - 4/6*u is divided by r(13)?
2
Suppose 3*h - 756 = 810. What is the remainder when h is divided by 25?
22
Let j(s) = 11*s**2 - 5*s - 10. Let y(b) = b**2 - 13*b + 9. Let n be y(12). What is the remai